*3 + 22*y - 66. Let v be d(-17). Is v/507 - 4/(-78) a prime number?
False
Let a(k) = -2935*k - 2. Suppose -7 = 11*r + 26. Is a(r) a prime number?
True
Let o(x) = 14*x**2 + 143*x - 10. Let f(a) = -43*a**2 - 430*a + 26. Let c(w) = -3*f(w) - 8*o(w). Is c(-13) a composite number?
False
Let l(v) = 19 + 14 - 55 + 13*v. Let j be l(11). Is -1*(-4 - -6 - j) a composite number?
True
Let z(v) = -v**3 + 115*v**2 + 184*v + 291. Is z(98) a composite number?
True
Let y(i) = 4 - 77*i - 18 - 8 + 2. Is y(-9) composite?
False
Let y = -410603 - -716044. Is y prime?
True
Suppose -6973 = -6*d + 9797. Let t be (-4)/(-14) + 95/35. Suppose 2*a + 4*s - 1094 = 0, -2*s = t*a - 8*a + d. Is a composite?
False
Suppose -4*n - 4 = 0, 36393 = 5*r + 2*n - 151440. Suppose 0 = -2*m - 4*x + 37582, -7*m + 5*m - x + r = 0. Is m a composite number?
True
Let b(d) = -2527*d**3 - 2*d**2 - 2*d + 2. Let l be b(1). Let x = 3718 + l. Is x a prime number?
False
Let p be -11 + 2/(4/(1 + -9)). Let d(u) = 31*u**2 - 9*u - 41. Is d(p) a prime number?
True
Let i(p) = -p**3 - 22*p**2 + 16*p + 21. Let c be i(-17). Let m = c - -5129. Is m prime?
True
Let d(z) = -16219*z**3 - 5*z**2 + 15*z + 17. Is d(-2) composite?
False
Let f = 33 - 33. Suppose f = -5*a - 2*a + 63. Suppose -a*b + 3484 = -5*b. Is b composite?
True
Let r be ((-16)/28)/(4/(-14)). Suppose -2*m + 29063 = 5*a, -80*a + 78*a = -r*m + 29028. Is m composite?
False
Let o = -687 + 8834. Is o a prime number?
True
Let l be ((-2)/8 + 3900/48)/(-1). Let o = -79 - l. Is -2*o*(657/(-12) + -5) a composite number?
False
Let w(m) = -m**3 + 6*m**2 - 6*m + 14. Let d be w(7). Let t = d - -88. Suppose t*f - 6*f - 4385 = 0. Is f a composite number?
False
Suppose -434*m - 4229590 = -33168276. Is m prime?
False
Let k = -52 + 40. Let w(j) = -j**2 - 14*j - 20. Let h be w(k). Is 185 + -2*(-5 + h) prime?
False
Suppose -27*f + 24*f - 98136 = -3*a, a = 4*f + 32715. Is a prime?
False
Let b(r) = -r - 1. Let v be b(-8). Let z(j) be the first derivative of 3*j**4/4 - j**3/3 - 9*j**2/2 - 4*j + 3. Is z(v) composite?
True
Let s be 560/(-63) + 9 - 35494/(-18). Let a = s - -1893. Is a prime?
False
Is 1 + 1060296/10 - ((-3445)/(-325) - 11) a prime number?
True
Let x = -68 - -71. Suppose -4*n = 7*v - 3*v - 10868, -x*v = -2*n + 5444. Is n prime?
True
Let c(d) = 6622*d - 265. Is c(9) prime?
True
Let g be 1541/(49/10 + -5). Let i = -10975 - g. Is i a prime number?
False
Let d(m) = -11*m**3 + 14*m**2 - 12*m - 13. Is d(-14) a composite number?
False
Let o(u) = -11*u**3 - 20*u**2 + 5*u + 69. Is o(-11) prime?
False
Suppose 4*j + 2*v = v + 69811, -2*j + 2*v + 34898 = 0. Suppose j + 5653 = 5*w. Is w a prime number?
True
Suppose 5*i = 3*d - 11, 5*i + 12 = 4*d + i. Let j(p) = -8*p**d - 6*p**2 + 29*p**2 - 14*p**2 - 9 + 12*p. Is j(-14) composite?
False
Let m be -2*1/2 + 160/40. Let w be 56/21 + 4/(-6). Suppose -1892 = -m*n - 2*q, -3*q + w*q - 639 = -n. Is n a composite number?
True
Let x(p) = 83238*p - 2855. Is x(9) a prime number?
True
Let g = 37 + 10. Let i = -37 + g. Is 43/1 - (-14 + i) prime?
True
Let d be (2 + 2)/(-20) - 16/(-5). Suppose -4*g = 2*o + 254, d*o = -0*o - 2*g - 373. Let n = -44 - o. Is n prime?
True
Suppose 3*r = 4 - 34. Is 25/r*2514/(-15) a composite number?
False
Let c be (-16)/(-40) - (-8)/10*17. Let m(u) = -20*u - 19*u - 1 - c*u - 3*u. Is m(-12) prime?
False
Let m(v) = 2*v**2 + v - 1. Suppose -2*k + 3 - 1 = 0. Let w be m(k). Suppose 12 = -3*o, w*p + o = p + 123. Is p a composite number?
False
Suppose -4*y - 20 = 0, -2*q + 94226 = -y - 95321. Is q a prime number?
True
Suppose -429*p = -155*p - 209132966. Is p composite?
True
Let t = 79666 - 41871. Is t prime?
False
Suppose -3*k - 3 = -9. Suppose k*n = 2*l - 6*l + 9794, 2*n = -2*l + 4894. Let z = 4233 - l. Is z a composite number?
False
Let b = -26 + 29. Suppose b*z + 6 = -w, -5*w - z - 30 = -2*z. Is 678 + (-4 - w - (0 + 1)) a composite number?
True
Let u(z) = 164*z**2 + 3*z - 11. Let c be u(5). Let w = -1741 + c. Is w - (-1)/((-4)/16) composite?
True
Suppose -i + 3*i + 12 = -4*w, -i = -5*w - 22. Let h(t) = -3*t**2 - 9*t + 13. Let n be h(-4). Is ((i - 0)*n)/((-4)/(-2342)) a prime number?
True
Let d(v) be the first derivative of -27*v**2/2 + 56*v - 14. Let y be d(21). Let w = 75 - y. Is w a prime number?
False
Let y be 519666/24 + (-3)/(-12). Let f = -12910 + y. Is f prime?
False
Suppose 2*i - 2*p + 2350 = 0, 5*i + 2355 = 3*i + 3*p. Is i/(-5 - -3) - 2 composite?
True
Suppose -2*u - 3*u - 170 = 3*l, 111 = -2*l - u. Let m = 55 + l. Suppose 0 = -m*w - 4*w + 2*b + 3886, 5*w - 4*b = 4853. Is w prime?
False
Let q(v) = 707*v + 260133. Is q(0) prime?
False
Let q = 1744 - -90453. Is q a composite number?
True
Let d = 560 - 558. Suppose 0 = -13*t + d*t + 83897. Is t prime?
False
Let i(f) = -17*f**3 + f**2 - 21*f - 3. Let n(x) = 9*x**3 + 10*x + 2. Let s(w) = -2*i(w) - 5*n(w). Is s(-5) a prime number?
True
Is 55121454/108 + 42/36 a composite number?
True
Is 6/8 - (-24008050)/200 prime?
True
Suppose 0*u + 627 = -3*u. Let y(j) = j**3 - 19*j**2 + 92*j - 8. Let d be y(17). Let m = d - u. Is m a composite number?
False
Let o = 251859 + -154095. Is (6/(-16))/(18/o)*-4 a prime number?
True
Let z(p) = p**3 - 8*p**2 + 3*p + 42131. Is z(0) prime?
True
Let x = 5042 - 2965. Let d = 3509 - x. Suppose 2*r + c = -3*c + 694, 4*r - 3*c - d = 0. Is r a composite number?
True
Suppose -2*y = -69 - 27. Let w = y - 66. Is w/27 - 2638/(-6) prime?
True
Let a(n) = 1608*n**2 - 9*n + 112. Is a(5) a composite number?
True
Is (8*(-15)/(-120))/((-4)/(-2745052)) a composite number?
True
Suppose p - 18*p = -87601. Let s = 294 + p. Is s a composite number?
True
Let o(l) = 5154*l - 457. Is o(6) prime?
True
Let a(d) = 11340*d + 45. Let h(p) = -1260*p - 5. Let i(r) = -6*a(r) - 55*h(r). Let s(q) = 840*q + 3. Let b(c) = -5*i(c) + 8*s(c). Is b(1) a composite number?
False
Is (4 + -10 + 705/(-60))*-1004 prime?
False
Let t(f) = 10*f**3 - 7*f**2 + 235*f + 35. Is t(21) a composite number?
True
Let u = -609347 - -1125498. Is u composite?
False
Suppose -4598*n + 19422257 = -4569*n. Is n composite?
False
Let i = 11513 + 143274. Is i composite?
False
Suppose 10*k = 82 - 52. Let x(n) = 253*n**2 - 18*n + 34. Is x(k) a prime number?
False
Let d(m) = -m - 9. Let a be d(-5). Is 1445 + (-4 - 1) + (a - -3) composite?
False
Suppose 0*d = d - 20. Suppose 0 = 12*i - 16 - d. Suppose 1052 + 1980 = 2*l + 2*g, 0 = -3*g - i. Is l composite?
True
Let s = 19169 + 17804. Is s composite?
False
Let q(n) = 5*n + 12. Let j be q(-1). Suppose 5*i = j*v - 6*v - 438, 428 = v - 3*i. Is v a prime number?
False
Let r be 34*5/((-35)/(-994)). Suppose -4*c = 14*m - 10*m - r, -c + 1195 = 4*m. Is c a prime number?
False
Let p = -474338 - -684865. Is p composite?
False
Let h be 35/(-14)*84/(-10). Let f = -16 + h. Suppose -b + 3*w = -889, -f*b - 5*w + 4525 = -0*w. Is b composite?
True
Let u(d) = -44*d**3 - d**2 + 2*d + 4. Let q(l) = -10*l + 5. Let w be q(-1). Let y(b) = b**2 - 18*b + 42. Let i be y(w). Is u(i) composite?
True
Is 2 + 437487/15 - (-9 - 588/(-60)) a prime number?
True
Let u = 294674 - 198251. Is u a prime number?
False
Let g be (-28)/(-13) - (-4)/(-26). Suppose -2*b + 5*q - 132 = 0, 5*b + 400 = -g*q - 3*q. Let m = b + 374. Is m composite?
True
Let v = -237 - -237. Suppose -6*j + 5*j + 5*o = -3799, v = -5*j + 4*o + 19037. Is j prime?
False
Let n(p) = -85*p**2 - 11*p - 3. Let i be n(5). Let h = 8564 - 1472. Let k = h + i. Is k prime?
True
Let h(i) = -4250*i - 1. Suppose 0 = -4*x + n + 3 - 4, 4 = 2*x - 2*n. Is h(x) composite?
True
Let r(j) = -30*j**3 - 6*j**2 - 15*j - 2. Suppose -2*a + 12 = -4*a. Let i be r(a). Is (i/2 - -2)*5/10 a composite number?
True
Let m = -37 + 46. Suppose 0 = 5*c + 3*w + 4, -2*w = c - 4*c + m. Is (-1)/1 - (c + -3) - -1396 a composite number?
True
Suppose 4*k = 3*v + v + 8, 0 = -5*v - k + 8. Is ((-7)/(-21))/(v/(-6)) + 2079 composite?
True
Let n(x) = 11*x**2 - 109*x + 17. Let u be n(10). Suppose -u*b + 2554 = -12539. Is b composite?
True
Let u = 293518 + -123785. Is u a composite number?
False
Let f(u) = 5 - 7 - 1 - u. Let v be f(-8). Suppose c - 5*c - 16 = 0, -5*c = v*p - 3455. Is p a composite number?
True
Let v(s) be the third derivative of -s**6/120 + 7*s**5/60 + 11*s**4/24 + 7*s**3/6 - s**2. Let t = -2327 + 2335. Is v(t) a prime number?
True
Let a(o) = -153 + 1908*o + 122